{"id":3072,"date":"2018-10-08T10:35:24","date_gmt":"2018-10-08T08:35:24","guid":{"rendered":"https:\/\/www.experts-ecolefrancaisedefengshui.fr\/?page_id=3072"},"modified":"2022-05-15T09:37:04","modified_gmt":"2022-05-15T07:37:04","slug":"notre-ethique","status":"publish","type":"page","link":"https:\/\/www.experts-ecolefrancaisedefengshui.fr\/index.php\/notre-ethique\/","title":{"rendered":"Notre \u00e9thique"},"content":{"rendered":"\t\t<div data-elementor-type=\"wp-post\" data-elementor-id=\"3072\" class=\"elementor elementor-3072\">\n\t\t\t\t\t\t<section class=\"elementor-section elementor-top-section elementor-element elementor-element-15b2638 elementor-section-full_width elementor-section-height-min-height elementor-section-content-middle elementor-section-height-default elementor-section-items-middle\" data-id=\"15b2638\" data-element_type=\"section\" data-e-type=\"section\" data-settings=\"{&quot;background_background&quot;:&quot;classic&quot;}\">\n\t\t\t\t\t\t\t<div class=\"elementor-background-overlay\"><\/div>\n\t\t\t\t\t\t\t<div class=\"elementor-container elementor-column-gap-no\">\n\t\t\t\t\t<div class=\"elementor-column elementor-col-100 elementor-top-column elementor-element elementor-element-0321500\" data-id=\"0321500\" data-element_type=\"column\" data-e-type=\"column\">\n\t\t\t<div class=\"elementor-widget-wrap\">\n\t\t\t\t\t\t\t<\/div>\n\t\t<\/div>\n\t\t\t\t\t<\/div>\n\t\t<\/section>\n\t\t\t\t<section class=\"elementor-section elementor-top-section elementor-element elementor-element-b1211b5 elementor-section-boxed elementor-section-height-default elementor-section-height-default\" data-id=\"b1211b5\" data-element_type=\"section\" data-e-type=\"section\">\n\t\t\t\t\t\t\t<div class=\"elementor-background-overlay\"><\/div>\n\t\t\t\t\t\t\t<div class=\"elementor-container elementor-column-gap-default\">\n\t\t\t\t\t<div class=\"elementor-column elementor-col-100 elementor-top-column elementor-element elementor-element-2a2a7b9\" data-id=\"2a2a7b9\" data-element_type=\"column\" data-e-type=\"column\">\n\t\t\t<div class=\"elementor-widget-wrap elementor-element-populated\">\n\t\t\t\t\t\t<div class=\"elementor-element elementor-element-ff1802b elementor-widget elementor-widget-heading\" data-id=\"ff1802b\" data-element_type=\"widget\" data-e-type=\"widget\" data-widget_type=\"heading.default\">\n\t\t\t\t<div class=\"elementor-widget-container\">\n\t\t\t\t\t<h1 class=\"elementor-heading-title elementor-size-default\">notre vision - notre enseignement - notre expertise<\/h1>\t\t\t\t<\/div>\n\t\t\t\t<\/div>\n\t\t\t\t<div class=\"elementor-element elementor-element-a9d61d3 elementor-widget elementor-widget-text-editor\" data-id=\"a9d61d3\" data-element_type=\"widget\" data-e-type=\"widget\" data-widget_type=\"text-editor.default\">\n\t\t\t\t<div class=\"elementor-widget-container\">\n\t\t\t\t\t\t\t\t\t<p>Chaque \u00catre est unique et apporte sa part de cr\u00e9ativit\u00e9 au monde qui l\u2019entoure. En oeuvrant avec notre coeur et en allant vers ce qui nous met en joie, nous avons la possibilit\u00e9 de cr\u00e9er le meilleur pour nous m\u00eame et pour les personnes qui seront amen\u00e9es \u00e0 partager notre chemin.<\/p>\t\t\t\t\t\t\t\t<\/div>\n\t\t\t\t<\/div>\n\t\t\t\t<div class=\"elementor-element elementor-element-57e1480 elementor-widget elementor-widget-heading\" data-id=\"57e1480\" data-element_type=\"widget\" data-e-type=\"widget\" data-widget_type=\"heading.default\">\n\t\t\t\t<div class=\"elementor-widget-container\">\n\t\t\t\t\t<h2 class=\"elementor-heading-title elementor-size-default\">nos valeurs<\/h2>\t\t\t\t<\/div>\n\t\t\t\t<\/div>\n\t\t\t\t<div class=\"elementor-element elementor-element-5e28d3d elementor-widget elementor-widget-text-editor\" data-id=\"5e28d3d\" data-element_type=\"widget\" data-e-type=\"widget\" data-widget_type=\"text-editor.default\">\n\t\t\t\t<div class=\"elementor-widget-container\">\n\t\t\t\t\t\t\t\t\t<p>Les enseignements de l\u2019Ecole Fran\u00e7aise de Feng Shui et de l\u2019Ecole Fran\u00e7aise de Num\u00e9rologie sont port\u00e9s par des valeurs Spirituelles :<\/p><ul><li><span class=\"s1\">Les Lois de l\u2019incarnation, du libre arbitre, de la cause \u00e0 effet \u2026 etc.<\/span><\/li><li><span class=\"s1\">Les m\u00e9canismes qui interf\u00e8rent entre le Moi et le Soi, les limitations de l\u2019ego inf\u00e9rieur\u2026etc.<\/span><\/li><li><span class=\"s1\">Les deuils et l\u2019\u00e9veil de l\u2019esprit, le chemin et la voie du coeur.<\/span><\/li><li><span class=\"s1\">L\u2019amour, la gratitude, l\u2019humilit\u00e9, la sagesse, le pardon \u2026etc.<\/span><\/li><li><span class=\"s1\">\u2026etc.<\/span><\/li><\/ul>\t\t\t\t\t\t\t\t<\/div>\n\t\t\t\t<\/div>\n\t\t\t\t<div class=\"elementor-element elementor-element-6215350 elementor-widget elementor-widget-heading\" data-id=\"6215350\" data-element_type=\"widget\" data-e-type=\"widget\" data-widget_type=\"heading.default\">\n\t\t\t\t<div class=\"elementor-widget-container\">\n\t\t\t\t\t<h2 class=\"elementor-heading-title elementor-size-default\">notre \u00e9thique<\/h2>\t\t\t\t<\/div>\n\t\t\t\t<\/div>\n\t\t\t\t<div class=\"elementor-element elementor-element-00602dd elementor-widget elementor-widget-text-editor\" data-id=\"00602dd\" data-element_type=\"widget\" data-e-type=\"widget\" data-widget_type=\"text-editor.default\">\n\t\t\t\t<div class=\"elementor-widget-container\">\n\t\t\t\t\t\t\t\t\t<p><span style=\"color: inherit; font-family: inherit; font-size: inherit; font-weight: inherit;\">L\u2019objectif de chaque consultant &#8211; expert est d\u2019aider toute personne qui viendra \u00e0 lui \u00e0 se retrouver et \u00e0 se r\u00e9aliser dans sa propre verticalit\u00e9, dans la bienveillance et conform\u00e9ment \u00e0 notre charte \u00e9thique.<\/span><\/p><p>Tous les membres de l\u2019association des experts de l\u2019Ecole Fran\u00e7aise de Feng Shui se sont engag\u00e9s dans ce sens en signant cette charte :<\/p><ul><li>Le praticien se doit d\u2019effectuer une d\u00e9marche de connaissance int\u00e9rieure et de se remettre en question r\u00e9guli\u00e8rement tant sur le plan personnel que professionnel. Il s\u2019engage \u00e0 consulter r\u00e9guli\u00e8rement des th\u00e9rapeutes afin de s\u2019extraire de ses propres probl\u00e8mes.<\/li><\/ul><ul><li>Le praticien\u00a0s\u2019engage \u00e9galement \u00e0 \u00e9largir et r\u00e9actualiser ses connaissances par des remises \u00e0 niveau professionnelles.<\/li><\/ul><ul><li>Le praticien n\u2019\u00e9met aucune forme de jugement par rapport \u00e0 la personne qui viendra \u00e0 lui, il la respecte dans sa totalit\u00e9, la laisse dans son libre arbitre et lui garantit la confidentialit\u00e9 de leurs \u00e9changes et le secret professionnel.<\/li><\/ul><ul><li>Le praticien s\u2019efforce d\u2019expliquer son travail et de le r\u00e9diger de mani\u00e8re simple et compr\u00e9hensive pour r\u00e9pondre \u00e0 la demande de son client.<\/li><\/ul><ul><li>Le praticien s\u2019engage \u00e0 ne jouer aucun r\u00f4le de perversion : Sauveur, manipulateur, liens de subordination, liens de d\u00e9pendances ou tout autre attitude contraire \u00e0 nos valeurs spirituelles.<\/li><\/ul><ul><li>Le praticien ne donne aucun conseil m\u00e9dical et se doit d\u2019\u00eatre conscient de sa limite d\u2019intervention. Il peut \u00e9ventuellement guider la personne vers un sp\u00e9cialiste. (M\u00e9decin, psychologue\u2026 etc.).<\/li><\/ul><ul><li>Le praticien s\u2019engage \u00e0 pratiquer des tarifs raisonnables et en accord avec la prestation fournie. Toute intervention fera l\u2019objet d\u2019un accord pr\u00e9alable avec son client sur le tarif et les modalit\u00e9s de paiement.<\/li><\/ul><ul><li>Le praticien s\u2019engage \u00e0 ne jamais adh\u00e9rer \u00e0 aucune secte,\u00a0aucun mouvement sectaire ou organisation contraire aux valeurs \u00e9tiques et Spirituelles.<\/li><\/ul><ul><li>Le praticien s\u2019engage \u00e0 travailler dans l\u2019\u00e9thique spirituelle avec une ouverture de coeur et d\u2019esprit : Respect, responsabilit\u00e9,\u00a0 discernement, bienveillance, sagesse, compassion, humilit\u00e9, g\u00e9n\u00e9rosit\u00e9\u2026etc\u2026 Aussi, le praticien doit savoir accepter les diff\u00e9rents rythmes de transformation qui peuvent s\u2019op\u00e9rer chez la personne.<\/li><\/ul>\t\t\t\t\t\t\t\t<\/div>\n\t\t\t\t<\/div>\n\t\t\t\t\t<\/div>\n\t\t<\/div>\n\t\t\t\t\t<\/div>\n\t\t<\/section>\n\t\t\t\t<\/div>\n\t\t","protected":false},"excerpt":{"rendered":"<p>notre vision &#8211; notre enseignement &#8211; notre expertise Chaque \u00catre est unique et apporte sa part de cr\u00e9ativit\u00e9 au monde qui l\u2019entoure. En oeuvrant avec notre coeur et en allant vers ce qui nous met en joie, nous avons la possibilit\u00e9 de cr\u00e9er le meilleur pour nous m\u00eame et pour les personnes qui seront amen\u00e9es [&hellip;]<\/p>\n","protected":false},"author":1,"featured_media":0,"parent":0,"menu_order":0,"comment_status":"closed","ping_status":"open","template":"","meta":{"_bbp_topic_count":0,"_bbp_reply_count":0,"_bbp_total_topic_count":0,"_bbp_total_reply_count":0,"_bbp_voice_count":0,"_bbp_anonymous_reply_count":0,"_bbp_topic_count_hidden":0,"_bbp_reply_count_hidden":0,"_bbp_forum_subforum_count":0,"footnotes":""},"class_list":["post-3072","page","type-page","status-publish","hentry"],"yoast_head":"<!-- This site is optimized with the Yoast SEO plugin v27.2 - https:\/\/yoast.com\/product\/yoast-seo-wordpress\/ -->\n<title>Comment choisir un bon expert feng shui, num\u00e9rologue? | Experts-ecolefrancaisedefengshui.fr<\/title>\n<meta name=\"description\" content=\"Les experts de l\u2019Ecole Fran\u00e7aise de Feng Shui sont port\u00e9s par des valeurs Spirituelles. Ils se sont engag\u00e9s en signant notre charte \u00e9thique.\" \/>\n<meta name=\"robots\" content=\"index, follow, max-snippet:-1, max-image-preview:large, max-video-preview:-1\" \/>\n<link rel=\"canonical\" href=\"https:\/\/www.experts-ecolefrancaisedefengshui.fr\/index.php\/notre-ethique\/\" \/>\n<meta property=\"og:locale\" content=\"fr_FR\" \/>\n<meta property=\"og:type\" content=\"article\" \/>\n<meta property=\"og:title\" content=\"Comment choisir un bon expert feng shui, num\u00e9rologue? | Experts-ecolefrancaisedefengshui.fr\" \/>\n<meta property=\"og:description\" content=\"Les experts de l\u2019Ecole Fran\u00e7aise de Feng Shui sont port\u00e9s par des valeurs Spirituelles. Ils se sont engag\u00e9s en signant notre charte \u00e9thique.\" \/>\n<meta property=\"og:url\" content=\"https:\/\/www.experts-ecolefrancaisedefengshui.fr\/index.php\/notre-ethique\/\" \/>\n<meta property=\"og:site_name\" content=\"Association des Experts consultants Feng Shui, num\u00e9rologues, g\u00e9obiologues certifi\u00e9s par l\u2019Ecole Fran\u00e7aise de Feng Shui | Experts-ecolefrancaisedefengshui.fr\" \/>\n<meta property=\"article:publisher\" content=\"https:\/\/www.facebook.com\/Association-des-Experts-Ecole-Fran%c3%a7aise-de-Feng-Shui-689531311505883\/?modal=admin_todo_tour\" \/>\n<meta property=\"article:modified_time\" content=\"2022-05-15T07:37:04+00:00\" \/>\n<meta name=\"twitter:card\" content=\"summary_large_image\" \/>\n<meta name=\"twitter:label1\" content=\"Dur\u00e9e de lecture estim\u00e9e\" \/>\n\t<meta name=\"twitter:data1\" content=\"3 minutes\" \/>\n<script type=\"application\/ld+json\" class=\"yoast-schema-graph\">{\"@context\":\"https:\/\/schema.org\",\"@graph\":[{\"@type\":\"WebPage\",\"@id\":\"https:\/\/www.experts-ecolefrancaisedefengshui.fr\/index.php\/notre-ethique\/\",\"url\":\"https:\/\/www.experts-ecolefrancaisedefengshui.fr\/index.php\/notre-ethique\/\",\"name\":\"Comment choisir un bon expert feng shui, num\u00e9rologue? | Experts-ecolefrancaisedefengshui.fr\",\"isPartOf\":{\"@id\":\"https:\/\/www.experts-ecolefrancaisedefengshui.fr\/#website\"},\"datePublished\":\"2018-10-08T08:35:24+00:00\",\"dateModified\":\"2022-05-15T07:37:04+00:00\",\"description\":\"Les experts de l\u2019Ecole Fran\u00e7aise de Feng Shui sont port\u00e9s par des valeurs Spirituelles. Ils se sont engag\u00e9s en signant notre charte \u00e9thique.\",\"breadcrumb\":{\"@id\":\"https:\/\/www.experts-ecolefrancaisedefengshui.fr\/index.php\/notre-ethique\/#breadcrumb\"},\"inLanguage\":\"fr-FR\",\"potentialAction\":[{\"@type\":\"ReadAction\",\"target\":[\"https:\/\/www.experts-ecolefrancaisedefengshui.fr\/index.php\/notre-ethique\/\"]}]},{\"@type\":\"BreadcrumbList\",\"@id\":\"https:\/\/www.experts-ecolefrancaisedefengshui.fr\/index.php\/notre-ethique\/#breadcrumb\",\"itemListElement\":[{\"@type\":\"ListItem\",\"position\":1,\"name\":\"Accueil\",\"item\":\"https:\/\/www.experts-ecolefrancaisedefengshui.fr\/\"},{\"@type\":\"ListItem\",\"position\":2,\"name\":\"Notre \u00e9thique\"}]},{\"@type\":\"WebSite\",\"@id\":\"https:\/\/www.experts-ecolefrancaisedefengshui.fr\/#website\",\"url\":\"https:\/\/www.experts-ecolefrancaisedefengshui.fr\/\",\"name\":\"Association des Experts consultants Feng Shui, num\u00e9rologues, g\u00e9obiologues certifi\u00e9s par l\u2019Ecole Fran\u00e7aise de Feng Shui | Experts-ecolefrancaisedefengshui.fr\",\"description\":\"Trouver un expert Feng Shui pr\u00e8s de chez vous\u2026\",\"publisher\":{\"@id\":\"https:\/\/www.experts-ecolefrancaisedefengshui.fr\/#organization\"},\"potentialAction\":[{\"@type\":\"SearchAction\",\"target\":{\"@type\":\"EntryPoint\",\"urlTemplate\":\"https:\/\/www.experts-ecolefrancaisedefengshui.fr\/?s={search_term_string}\"},\"query-input\":{\"@type\":\"PropertyValueSpecification\",\"valueRequired\":true,\"valueName\":\"search_term_string\"}}],\"inLanguage\":\"fr-FR\"},{\"@type\":\"Organization\",\"@id\":\"https:\/\/www.experts-ecolefrancaisedefengshui.fr\/#organization\",\"name\":\"Association des Experts de l'Ecole Fran\u00e7aise de Feng Shui\",\"url\":\"https:\/\/www.experts-ecolefrancaisedefengshui.fr\/\",\"logo\":{\"@type\":\"ImageObject\",\"inLanguage\":\"fr-FR\",\"@id\":\"https:\/\/www.experts-ecolefrancaisedefengshui.fr\/#\/schema\/logo\/image\/\",\"url\":\"https:\/\/www.experts-ecolefrancaisedefengshui.fr\/wp-content\/uploads\/2019\/05\/logo-association-experts-feng-shui.png\",\"contentUrl\":\"https:\/\/www.experts-ecolefrancaisedefengshui.fr\/wp-content\/uploads\/2019\/05\/logo-association-experts-feng-shui.png\",\"width\":556,\"height\":160,\"caption\":\"Association des Experts de l'Ecole Fran\u00e7aise de Feng Shui\"},\"image\":{\"@id\":\"https:\/\/www.experts-ecolefrancaisedefengshui.fr\/#\/schema\/logo\/image\/\"},\"sameAs\":[\"https:\/\/www.facebook.com\/Association-des-Experts-Ecole-Fran\u00e7aise-de-Feng-Shui-689531311505883\/?modal=admin_todo_tour\"]}]}<\/script>\n<!-- \/ Yoast SEO plugin. -->","yoast_head_json":{"title":"Comment choisir un bon expert feng shui, num\u00e9rologue? | Experts-ecolefrancaisedefengshui.fr","description":"Les experts de l\u2019Ecole Fran\u00e7aise de Feng Shui sont port\u00e9s par des valeurs Spirituelles. Ils se sont engag\u00e9s en signant notre charte \u00e9thique.","robots":{"index":"index","follow":"follow","max-snippet":"max-snippet:-1","max-image-preview":"max-image-preview:large","max-video-preview":"max-video-preview:-1"},"canonical":"https:\/\/www.experts-ecolefrancaisedefengshui.fr\/index.php\/notre-ethique\/","og_locale":"fr_FR","og_type":"article","og_title":"Comment choisir un bon expert feng shui, num\u00e9rologue? | Experts-ecolefrancaisedefengshui.fr","og_description":"Les experts de l\u2019Ecole Fran\u00e7aise de Feng Shui sont port\u00e9s par des valeurs Spirituelles. Ils se sont engag\u00e9s en signant notre charte \u00e9thique.","og_url":"https:\/\/www.experts-ecolefrancaisedefengshui.fr\/index.php\/notre-ethique\/","og_site_name":"Association des Experts consultants Feng Shui, num\u00e9rologues, g\u00e9obiologues certifi\u00e9s par l\u2019Ecole Fran\u00e7aise de Feng Shui | Experts-ecolefrancaisedefengshui.fr","article_publisher":"https:\/\/www.facebook.com\/Association-des-Experts-Ecole-Fran%c3%a7aise-de-Feng-Shui-689531311505883\/?modal=admin_todo_tour","article_modified_time":"2022-05-15T07:37:04+00:00","twitter_card":"summary_large_image","twitter_misc":{"Dur\u00e9e de lecture estim\u00e9e":"3 minutes"},"schema":{"@context":"https:\/\/schema.org","@graph":[{"@type":"WebPage","@id":"https:\/\/www.experts-ecolefrancaisedefengshui.fr\/index.php\/notre-ethique\/","url":"https:\/\/www.experts-ecolefrancaisedefengshui.fr\/index.php\/notre-ethique\/","name":"Comment choisir un bon expert feng shui, num\u00e9rologue? | Experts-ecolefrancaisedefengshui.fr","isPartOf":{"@id":"https:\/\/www.experts-ecolefrancaisedefengshui.fr\/#website"},"datePublished":"2018-10-08T08:35:24+00:00","dateModified":"2022-05-15T07:37:04+00:00","description":"Les experts de l\u2019Ecole Fran\u00e7aise de Feng Shui sont port\u00e9s par des valeurs Spirituelles. Ils se sont engag\u00e9s en signant notre charte \u00e9thique.","breadcrumb":{"@id":"https:\/\/www.experts-ecolefrancaisedefengshui.fr\/index.php\/notre-ethique\/#breadcrumb"},"inLanguage":"fr-FR","potentialAction":[{"@type":"ReadAction","target":["https:\/\/www.experts-ecolefrancaisedefengshui.fr\/index.php\/notre-ethique\/"]}]},{"@type":"BreadcrumbList","@id":"https:\/\/www.experts-ecolefrancaisedefengshui.fr\/index.php\/notre-ethique\/#breadcrumb","itemListElement":[{"@type":"ListItem","position":1,"name":"Accueil","item":"https:\/\/www.experts-ecolefrancaisedefengshui.fr\/"},{"@type":"ListItem","position":2,"name":"Notre \u00e9thique"}]},{"@type":"WebSite","@id":"https:\/\/www.experts-ecolefrancaisedefengshui.fr\/#website","url":"https:\/\/www.experts-ecolefrancaisedefengshui.fr\/","name":"Association des Experts consultants Feng Shui, num\u00e9rologues, g\u00e9obiologues certifi\u00e9s par l\u2019Ecole Fran\u00e7aise de Feng Shui | Experts-ecolefrancaisedefengshui.fr","description":"Trouver un expert Feng Shui pr\u00e8s de chez vous\u2026","publisher":{"@id":"https:\/\/www.experts-ecolefrancaisedefengshui.fr\/#organization"},"potentialAction":[{"@type":"SearchAction","target":{"@type":"EntryPoint","urlTemplate":"https:\/\/www.experts-ecolefrancaisedefengshui.fr\/?s={search_term_string}"},"query-input":{"@type":"PropertyValueSpecification","valueRequired":true,"valueName":"search_term_string"}}],"inLanguage":"fr-FR"},{"@type":"Organization","@id":"https:\/\/www.experts-ecolefrancaisedefengshui.fr\/#organization","name":"Association des Experts de l'Ecole Fran\u00e7aise de Feng Shui","url":"https:\/\/www.experts-ecolefrancaisedefengshui.fr\/","logo":{"@type":"ImageObject","inLanguage":"fr-FR","@id":"https:\/\/www.experts-ecolefrancaisedefengshui.fr\/#\/schema\/logo\/image\/","url":"https:\/\/www.experts-ecolefrancaisedefengshui.fr\/wp-content\/uploads\/2019\/05\/logo-association-experts-feng-shui.png","contentUrl":"https:\/\/www.experts-ecolefrancaisedefengshui.fr\/wp-content\/uploads\/2019\/05\/logo-association-experts-feng-shui.png","width":556,"height":160,"caption":"Association des Experts de l'Ecole Fran\u00e7aise de Feng Shui"},"image":{"@id":"https:\/\/www.experts-ecolefrancaisedefengshui.fr\/#\/schema\/logo\/image\/"},"sameAs":["https:\/\/www.facebook.com\/Association-des-Experts-Ecole-Fran\u00e7aise-de-Feng-Shui-689531311505883\/?modal=admin_todo_tour"]}]}},"acf":[],"_links":{"self":[{"href":"https:\/\/www.experts-ecolefrancaisedefengshui.fr\/index.php\/wp-json\/wp\/v2\/pages\/3072","targetHints":{"allow":["GET"]}}],"collection":[{"href":"https:\/\/www.experts-ecolefrancaisedefengshui.fr\/index.php\/wp-json\/wp\/v2\/pages"}],"about":[{"href":"https:\/\/www.experts-ecolefrancaisedefengshui.fr\/index.php\/wp-json\/wp\/v2\/types\/page"}],"author":[{"embeddable":true,"href":"https:\/\/www.experts-ecolefrancaisedefengshui.fr\/index.php\/wp-json\/wp\/v2\/users\/1"}],"replies":[{"embeddable":true,"href":"https:\/\/www.experts-ecolefrancaisedefengshui.fr\/index.php\/wp-json\/wp\/v2\/comments?post=3072"}],"version-history":[{"count":1,"href":"https:\/\/www.experts-ecolefrancaisedefengshui.fr\/index.php\/wp-json\/wp\/v2\/pages\/3072\/revisions"}],"predecessor-version":[{"id":4498,"href":"https:\/\/www.experts-ecolefrancaisedefengshui.fr\/index.php\/wp-json\/wp\/v2\/pages\/3072\/revisions\/4498"}],"wp:attachment":[{"href":"https:\/\/www.experts-ecolefrancaisedefengshui.fr\/index.php\/wp-json\/wp\/v2\/media?parent=3072"}],"curies":[{"name":"wp","href":"https:\/\/api.w.org\/{rel}","templated":true}]}}