{"id":3085,"date":"2018-10-08T11:03:31","date_gmt":"2018-10-08T09:03:31","guid":{"rendered":"https:\/\/www.experts-ecolefrancaisedefengshui.fr\/?page_id=3085"},"modified":"2022-05-15T09:31:04","modified_gmt":"2022-05-15T07:31:04","slug":"contact","status":"publish","type":"page","link":"https:\/\/www.experts-ecolefrancaisedefengshui.fr\/index.php\/contact\/","title":{"rendered":"Contact"},"content":{"rendered":"\t\t<div data-elementor-type=\"wp-post\" data-elementor-id=\"3085\" class=\"elementor elementor-3085\">\n\t\t\t\t\t\t<section class=\"elementor-section elementor-top-section elementor-element elementor-element-15b2638 elementor-section-height-min-height elementor-section-content-middle elementor-section-boxed elementor-section-height-default elementor-section-items-middle\" data-id=\"15b2638\" data-element_type=\"section\" data-e-type=\"section\" data-settings=\"{&quot;background_background&quot;:&quot;classic&quot;}\">\n\t\t\t\t\t\t\t<div class=\"elementor-background-overlay\"><\/div>\n\t\t\t\t\t\t\t<div class=\"elementor-container elementor-column-gap-no\">\n\t\t\t\t\t<div class=\"elementor-column elementor-col-100 elementor-top-column elementor-element elementor-element-0321500\" data-id=\"0321500\" data-element_type=\"column\" data-e-type=\"column\">\n\t\t\t<div class=\"elementor-widget-wrap\">\n\t\t\t\t\t\t\t<\/div>\n\t\t<\/div>\n\t\t\t\t\t<\/div>\n\t\t<\/section>\n\t\t\t\t<section class=\"elementor-section elementor-top-section elementor-element elementor-element-b1211b5 elementor-section-boxed elementor-section-height-default elementor-section-height-default\" data-id=\"b1211b5\" data-element_type=\"section\" data-e-type=\"section\">\n\t\t\t\t\t\t<div class=\"elementor-container elementor-column-gap-default\">\n\t\t\t\t\t<div class=\"elementor-column elementor-col-100 elementor-top-column elementor-element elementor-element-2a2a7b9\" data-id=\"2a2a7b9\" data-element_type=\"column\" data-e-type=\"column\">\n\t\t\t<div class=\"elementor-widget-wrap elementor-element-populated\">\n\t\t\t\t\t\t<div class=\"elementor-element elementor-element-b43847a elementor-widget elementor-widget-heading\" data-id=\"b43847a\" data-element_type=\"widget\" data-e-type=\"widget\" data-widget_type=\"heading.default\">\n\t\t\t\t<div class=\"elementor-widget-container\">\n\t\t\t\t\t<h1 class=\"elementor-heading-title elementor-size-default\">contactez-nous<\/h1>\t\t\t\t<\/div>\n\t\t\t\t<\/div>\n\t\t\t\t<section class=\"elementor-section elementor-inner-section elementor-element elementor-element-5626016 elementor-section-boxed elementor-section-height-default elementor-section-height-default\" data-id=\"5626016\" data-element_type=\"section\" data-e-type=\"section\">\n\t\t\t\t\t\t<div class=\"elementor-container elementor-column-gap-default\">\n\t\t\t\t\t<div class=\"elementor-column elementor-col-50 elementor-inner-column elementor-element elementor-element-6d60e13\" data-id=\"6d60e13\" data-element_type=\"column\" data-e-type=\"column\">\n\t\t\t<div class=\"elementor-widget-wrap elementor-element-populated\">\n\t\t\t\t\t\t<div class=\"elementor-element elementor-element-b968c55 elementor-widget elementor-widget-heading\" data-id=\"b968c55\" data-element_type=\"widget\" data-e-type=\"widget\" data-widget_type=\"heading.default\">\n\t\t\t\t<div class=\"elementor-widget-container\">\n\t\t\t\t\t<h4 class=\"elementor-heading-title elementor-size-default\">Yannick Chastagnier<\/h4>\t\t\t\t<\/div>\n\t\t\t\t<\/div>\n\t\t\t\t<div class=\"elementor-element elementor-element-098968f elementor-widget elementor-widget-heading\" data-id=\"098968f\" data-element_type=\"widget\" data-e-type=\"widget\" data-widget_type=\"heading.default\">\n\t\t\t\t<div class=\"elementor-widget-container\">\n\t\t\t\t\t<h5 class=\"elementor-heading-title elementor-size-default\">Feng Shui, G\u00e9obiologie Th\u00e9rapies bio-\u00e9nerg\u00e9tiques<\/h5>\t\t\t\t<\/div>\n\t\t\t\t<\/div>\n\t\t\t\t<div class=\"elementor-element elementor-element-62b8ae7 elementor-widget elementor-widget-spacer\" data-id=\"62b8ae7\" data-element_type=\"widget\" data-e-type=\"widget\" data-widget_type=\"spacer.default\">\n\t\t\t\t<div class=\"elementor-widget-container\">\n\t\t\t\t\t\t\t<div class=\"elementor-spacer\">\n\t\t\t<div class=\"elementor-spacer-inner\"><\/div>\n\t\t<\/div>\n\t\t\t\t\t\t<\/div>\n\t\t\t\t<\/div>\n\t\t\t\t<div class=\"elementor-element elementor-element-1431635 elementor-icon-list--layout-traditional elementor-list-item-link-full_width elementor-widget elementor-widget-icon-list\" data-id=\"1431635\" data-element_type=\"widget\" data-e-type=\"widget\" data-widget_type=\"icon-list.default\">\n\t\t\t\t<div class=\"elementor-widget-container\">\n\t\t\t\t\t\t\t<ul class=\"elementor-icon-list-items\">\n\t\t\t\t\t\t\t<li class=\"elementor-icon-list-item\">\n\t\t\t\t\t\t\t\t\t\t\t<span class=\"elementor-icon-list-icon\">\n\t\t\t\t\t\t\t\t\t\t\t\t\t\t\t\t<i class=\"fa fa-phone\" aria-hidden=\"true\"><\/i>\n\t\t\t\t\t\t\t\t\t\t\t\t\t<\/span>\n\t\t\t\t\t\t\t\t\t\t<span class=\"elementor-icon-list-text\">07  83  30  40  57<\/span>\n\t\t\t\t\t\t\t\t\t<\/li>\n\t\t\t\t\t\t\t\t<li class=\"elementor-icon-list-item\">\n\t\t\t\t\t\t\t\t\t\t\t<a href=\"mailto:y.chastagnier@effs.fr%20\">\n\n\t\t\t\t\t\t\t\t\t\t\t\t<span class=\"elementor-icon-list-icon\">\n\t\t\t\t\t\t\t\t\t\t\t\t\t\t\t\t<i class=\"material-icons email\" aria-hidden=\"true\"><\/i>\n\t\t\t\t\t\t\t\t\t\t\t\t\t<\/span>\n\t\t\t\t\t\t\t\t\t\t<span class=\"elementor-icon-list-text\">y.chastagnier@effs.fr <\/span>\n\t\t\t\t\t\t\t\t\t\t\t<\/a>\n\t\t\t\t\t\t\t\t\t<\/li>\n\t\t\t\t\t\t<\/ul>\n\t\t\t\t\t\t<\/div>\n\t\t\t\t<\/div>\n\t\t\t\t<div class=\"elementor-element elementor-element-4921839 elementor-widget elementor-widget-spacer\" data-id=\"4921839\" data-element_type=\"widget\" data-e-type=\"widget\" data-widget_type=\"spacer.default\">\n\t\t\t\t<div class=\"elementor-widget-container\">\n\t\t\t\t\t\t\t<div class=\"elementor-spacer\">\n\t\t\t<div class=\"elementor-spacer-inner\"><\/div>\n\t\t<\/div>\n\t\t\t\t\t\t<\/div>\n\t\t\t\t<\/div>\n\t\t\t\t<div class=\"elementor-element elementor-element-476d6cd elementor-widget elementor-widget-heading\" data-id=\"476d6cd\" data-element_type=\"widget\" data-e-type=\"widget\" data-widget_type=\"heading.default\">\n\t\t\t\t<div class=\"elementor-widget-container\">\n\t\t\t\t\t<h4 class=\"elementor-heading-title elementor-size-default\">Patricia Chastagnier Ferrer<\/h4>\t\t\t\t<\/div>\n\t\t\t\t<\/div>\n\t\t\t\t<div class=\"elementor-element elementor-element-fe8f10f elementor-widget elementor-widget-heading\" data-id=\"fe8f10f\" data-element_type=\"widget\" data-e-type=\"widget\" data-widget_type=\"heading.default\">\n\t\t\t\t<div class=\"elementor-widget-container\">\n\t\t\t\t\t<h5 class=\"elementor-heading-title elementor-size-default\">Num\u00e9rologue, Coach Hollistique<\/h5>\t\t\t\t<\/div>\n\t\t\t\t<\/div>\n\t\t\t\t<div class=\"elementor-element elementor-element-50702b5 elementor-widget elementor-widget-spacer\" data-id=\"50702b5\" data-element_type=\"widget\" data-e-type=\"widget\" data-widget_type=\"spacer.default\">\n\t\t\t\t<div class=\"elementor-widget-container\">\n\t\t\t\t\t\t\t<div class=\"elementor-spacer\">\n\t\t\t<div class=\"elementor-spacer-inner\"><\/div>\n\t\t<\/div>\n\t\t\t\t\t\t<\/div>\n\t\t\t\t<\/div>\n\t\t\t\t<div class=\"elementor-element elementor-element-a620b5f elementor-icon-list--layout-traditional elementor-list-item-link-full_width elementor-widget elementor-widget-icon-list\" data-id=\"a620b5f\" data-element_type=\"widget\" data-e-type=\"widget\" data-widget_type=\"icon-list.default\">\n\t\t\t\t<div class=\"elementor-widget-container\">\n\t\t\t\t\t\t\t<ul class=\"elementor-icon-list-items\">\n\t\t\t\t\t\t\t<li class=\"elementor-icon-list-item\">\n\t\t\t\t\t\t\t\t\t\t\t<span class=\"elementor-icon-list-icon\">\n\t\t\t\t\t\t\t\t\t\t\t\t\t\t\t\t<i class=\"fa fa-phone\" aria-hidden=\"true\"><\/i>\n\t\t\t\t\t\t\t\t\t\t\t\t\t<\/span>\n\t\t\t\t\t\t\t\t\t\t<span class=\"elementor-icon-list-text\">06  37 56 78 36<\/span>\n\t\t\t\t\t\t\t\t\t<\/li>\n\t\t\t\t\t\t\t\t<li class=\"elementor-icon-list-item\">\n\t\t\t\t\t\t\t\t\t\t\t<a href=\"mailto:p.ferrer@effs.fr%20\">\n\n\t\t\t\t\t\t\t\t\t\t\t\t<span class=\"elementor-icon-list-icon\">\n\t\t\t\t\t\t\t\t\t\t\t\t\t\t\t\t<i class=\"material-icons email\" aria-hidden=\"true\"><\/i>\n\t\t\t\t\t\t\t\t\t\t\t\t\t<\/span>\n\t\t\t\t\t\t\t\t\t\t<span class=\"elementor-icon-list-text\">p.ferrer@effs.fr <\/span>\n\t\t\t\t\t\t\t\t\t\t\t<\/a>\n\t\t\t\t\t\t\t\t\t<\/li>\n\t\t\t\t\t\t<\/ul>\n\t\t\t\t\t\t<\/div>\n\t\t\t\t<\/div>\n\t\t\t\t\t<\/div>\n\t\t<\/div>\n\t\t\t\t<div class=\"elementor-column elementor-col-50 elementor-inner-column elementor-element elementor-element-ed90c3c\" data-id=\"ed90c3c\" data-element_type=\"column\" data-e-type=\"column\">\n\t\t\t<div class=\"elementor-widget-wrap elementor-element-populated\">\n\t\t\t\t\t\t<div class=\"elementor-element elementor-element-7168505 elementor-widget elementor-widget-shortcode\" data-id=\"7168505\" data-element_type=\"widget\" data-e-type=\"widget\" data-widget_type=\"shortcode.default\">\n\t\t\t\t<div class=\"elementor-widget-container\">\n\t\t\t\t\t\t\t<div class=\"elementor-shortcode\">\n<div class=\"wpcf7 no-js\" id=\"wpcf7-f2994-o1\" lang=\"fr-FR\" dir=\"ltr\" data-wpcf7-id=\"2994\">\n<div class=\"screen-reader-response\"><p role=\"status\" aria-live=\"polite\" aria-atomic=\"true\"><\/p> <ul><\/ul><\/div>\n<form action=\"\/index.php\/wp-json\/wp\/v2\/pages\/3085#wpcf7-f2994-o1\" method=\"post\" class=\"wpcf7-form init\" aria-label=\"Formulaire de contact\" novalidate=\"novalidate\" data-status=\"init\">\n<fieldset class=\"hidden-fields-container\"><input type=\"hidden\" name=\"_wpcf7\" value=\"2994\" \/><input type=\"hidden\" name=\"_wpcf7_version\" value=\"6.1.5\" \/><input type=\"hidden\" name=\"_wpcf7_locale\" value=\"fr_FR\" \/><input type=\"hidden\" name=\"_wpcf7_unit_tag\" value=\"wpcf7-f2994-o1\" \/><input type=\"hidden\" name=\"_wpcf7_container_post\" value=\"0\" \/><input type=\"hidden\" name=\"_wpcf7_posted_data_hash\" value=\"\" \/><input type=\"hidden\" name=\"_case27_recipients\" value=\"%case27_recipients%\" \/><input type=\"hidden\" name=\"_case27_post_id\" value=\"3085\" \/><input type=\"hidden\" name=\"_wpcf7_recaptcha_response\" value=\"\" \/>\n<\/fieldset>\n<p><label> Votre nom (obligatoire)<span class=\"wpcf7-form-control-wrap\" data-name=\"your-name\"><input size=\"40\" maxlength=\"400\" class=\"wpcf7-form-control wpcf7-text wpcf7-validates-as-required\" aria-required=\"true\" aria-invalid=\"false\" value=\"\" type=\"text\" name=\"your-name\" \/><\/span> <\/label><br \/>\n<label> Votre pr\u00e9nom (obligatoire)<span class=\"wpcf7-form-control-wrap\" data-name=\"prenom\"><input size=\"40\" maxlength=\"400\" class=\"wpcf7-form-control wpcf7-text wpcf7-validates-as-required\" aria-required=\"true\" aria-invalid=\"false\" value=\"\" type=\"text\" name=\"prenom\" \/><\/span> <\/label>\n<\/p>\n<p><label> Votre adresse de messagerie (obligatoire)<br \/>\n<span class=\"wpcf7-form-control-wrap\" data-name=\"your-email\"><input size=\"40\" maxlength=\"400\" class=\"wpcf7-form-control wpcf7-email wpcf7-validates-as-required wpcf7-text wpcf7-validates-as-email\" aria-required=\"true\" aria-invalid=\"false\" value=\"\" type=\"email\" name=\"your-email\" \/><\/span> <\/label>\n<\/p>\n<p><label> Votre t\u00e9l\u00e9phone<br \/>\n<span class=\"wpcf7-form-control-wrap\" data-name=\"tel-125\"><input size=\"40\" maxlength=\"400\" class=\"wpcf7-form-control wpcf7-tel wpcf7-text wpcf7-validates-as-tel\" aria-invalid=\"false\" value=\"\" type=\"tel\" name=\"tel-125\" \/><\/span> <\/label>\n<\/p>\n<p><label> Votre message<br \/>\n<span class=\"wpcf7-form-control-wrap\" data-name=\"your-message\"><textarea cols=\"40\" rows=\"10\" maxlength=\"2000\" class=\"wpcf7-form-control wpcf7-textarea\" aria-invalid=\"false\" name=\"your-message\"><\/textarea><\/span> <\/label>\n<\/p>\n<p><input class=\"wpcf7-form-control wpcf7-submit has-spinner\" type=\"submit\" value=\"Envoyer\" \/>\n<\/p><div class=\"wpcf7-response-output\" aria-hidden=\"true\"><\/div>\n<\/form>\n<\/div>\n<\/div>\n\t\t\t\t\t\t<\/div>\n\t\t\t\t<\/div>\n\t\t\t\t\t<\/div>\n\t\t<\/div>\n\t\t\t\t\t<\/div>\n\t\t<\/section>\n\t\t\t\t\t<\/div>\n\t\t<\/div>\n\t\t\t\t\t<\/div>\n\t\t<\/section>\n\t\t\t\t<\/div>\n\t\t","protected":false},"excerpt":{"rendered":"<p>contactez-nous Yannick Chastagnier Feng Shui, G\u00e9obiologie Th\u00e9rapies bio-\u00e9nerg\u00e9tiques 07 83 30 40 57 y.chastagnier@effs.fr Patricia Chastagnier Ferrer Num\u00e9rologue, Coach Hollistique 06 37 56 78 36 p.ferrer@effs.fr<\/p>\n","protected":false},"author":1,"featured_media":0,"parent":0,"menu_order":0,"comment_status":"closed","ping_status":"open","template":"","meta":{"_bbp_topic_count":0,"_bbp_reply_count":0,"_bbp_total_topic_count":0,"_bbp_total_reply_count":0,"_bbp_voice_count":0,"_bbp_anonymous_reply_count":0,"_bbp_topic_count_hidden":0,"_bbp_reply_count_hidden":0,"_bbp_forum_subforum_count":0,"footnotes":""},"class_list":["post-3085","page","type-page","status-publish","hentry"],"yoast_head":"<!-- This site is optimized with the Yoast SEO plugin v27.2 - https:\/\/yoast.com\/product\/yoast-seo-wordpress\/ -->\n<title>Contacter l&#039;Ecole Fran\u00e7aise de Feng Shui | Experts-ecolefrancaisedefengshui.fr<\/title>\n<meta name=\"description\" content=\"Vous recherchez un expert Feng Shui, un consultant en num\u00e9rologie, le portail des experts EFFS regroupe les professionnels dipl\u00f4m\u00e9s de l&#039;Ecole Fran\u00e7aise de Feng Shui.\" \/>\n<meta name=\"robots\" content=\"index, follow, max-snippet:-1, max-image-preview:large, max-video-preview:-1\" \/>\n<link rel=\"canonical\" href=\"https:\/\/www.experts-ecolefrancaisedefengshui.fr\/index.php\/contact\/\" \/>\n<meta property=\"og:locale\" content=\"fr_FR\" \/>\n<meta property=\"og:type\" content=\"article\" \/>\n<meta property=\"og:title\" content=\"Contacter l&#039;Ecole Fran\u00e7aise de Feng Shui | Experts-ecolefrancaisedefengshui.fr\" \/>\n<meta property=\"og:description\" content=\"Vous recherchez un expert Feng Shui, un consultant en num\u00e9rologie, le portail des experts EFFS regroupe les professionnels dipl\u00f4m\u00e9s de l&#039;Ecole Fran\u00e7aise de Feng Shui.\" \/>\n<meta property=\"og:url\" content=\"https:\/\/www.experts-ecolefrancaisedefengshui.fr\/index.php\/contact\/\" \/>\n<meta property=\"og:site_name\" content=\"Association des Experts consultants Feng Shui, num\u00e9rologues, g\u00e9obiologues certifi\u00e9s par l\u2019Ecole Fran\u00e7aise de Feng Shui | Experts-ecolefrancaisedefengshui.fr\" \/>\n<meta property=\"article:publisher\" content=\"https:\/\/www.facebook.com\/Association-des-Experts-Ecole-Fran%c3%a7aise-de-Feng-Shui-689531311505883\/?modal=admin_todo_tour\" \/>\n<meta property=\"article:modified_time\" content=\"2022-05-15T07:31:04+00:00\" \/>\n<meta name=\"twitter:card\" content=\"summary_large_image\" \/>\n<meta name=\"twitter:label1\" content=\"Dur\u00e9e de lecture estim\u00e9e\" \/>\n\t<meta name=\"twitter:data1\" content=\"1 minute\" \/>\n<script type=\"application\/ld+json\" class=\"yoast-schema-graph\">{\"@context\":\"https:\/\/schema.org\",\"@graph\":[{\"@type\":\"WebPage\",\"@id\":\"https:\/\/www.experts-ecolefrancaisedefengshui.fr\/index.php\/contact\/\",\"url\":\"https:\/\/www.experts-ecolefrancaisedefengshui.fr\/index.php\/contact\/\",\"name\":\"Contacter l'Ecole Fran\u00e7aise de Feng Shui | Experts-ecolefrancaisedefengshui.fr\",\"isPartOf\":{\"@id\":\"https:\/\/www.experts-ecolefrancaisedefengshui.fr\/#website\"},\"datePublished\":\"2018-10-08T09:03:31+00:00\",\"dateModified\":\"2022-05-15T07:31:04+00:00\",\"description\":\"Vous recherchez un expert Feng Shui, un consultant en num\u00e9rologie, le portail des experts EFFS regroupe les professionnels dipl\u00f4m\u00e9s de l'Ecole Fran\u00e7aise de Feng Shui.\",\"breadcrumb\":{\"@id\":\"https:\/\/www.experts-ecolefrancaisedefengshui.fr\/index.php\/contact\/#breadcrumb\"},\"inLanguage\":\"fr-FR\",\"potentialAction\":[{\"@type\":\"ReadAction\",\"target\":[\"https:\/\/www.experts-ecolefrancaisedefengshui.fr\/index.php\/contact\/\"]}]},{\"@type\":\"BreadcrumbList\",\"@id\":\"https:\/\/www.experts-ecolefrancaisedefengshui.fr\/index.php\/contact\/#breadcrumb\",\"itemListElement\":[{\"@type\":\"ListItem\",\"position\":1,\"name\":\"Accueil\",\"item\":\"https:\/\/www.experts-ecolefrancaisedefengshui.fr\/\"},{\"@type\":\"ListItem\",\"position\":2,\"name\":\"Contact\"}]},{\"@type\":\"WebSite\",\"@id\":\"https:\/\/www.experts-ecolefrancaisedefengshui.fr\/#website\",\"url\":\"https:\/\/www.experts-ecolefrancaisedefengshui.fr\/\",\"name\":\"Association des Experts consultants Feng Shui, num\u00e9rologues, g\u00e9obiologues certifi\u00e9s par l\u2019Ecole Fran\u00e7aise de Feng Shui | Experts-ecolefrancaisedefengshui.fr\",\"description\":\"Trouver un expert Feng Shui pr\u00e8s de chez vous\u2026\",\"publisher\":{\"@id\":\"https:\/\/www.experts-ecolefrancaisedefengshui.fr\/#organization\"},\"potentialAction\":[{\"@type\":\"SearchAction\",\"target\":{\"@type\":\"EntryPoint\",\"urlTemplate\":\"https:\/\/www.experts-ecolefrancaisedefengshui.fr\/?s={search_term_string}\"},\"query-input\":{\"@type\":\"PropertyValueSpecification\",\"valueRequired\":true,\"valueName\":\"search_term_string\"}}],\"inLanguage\":\"fr-FR\"},{\"@type\":\"Organization\",\"@id\":\"https:\/\/www.experts-ecolefrancaisedefengshui.fr\/#organization\",\"name\":\"Association des Experts de l'Ecole Fran\u00e7aise de Feng Shui\",\"url\":\"https:\/\/www.experts-ecolefrancaisedefengshui.fr\/\",\"logo\":{\"@type\":\"ImageObject\",\"inLanguage\":\"fr-FR\",\"@id\":\"https:\/\/www.experts-ecolefrancaisedefengshui.fr\/#\/schema\/logo\/image\/\",\"url\":\"https:\/\/www.experts-ecolefrancaisedefengshui.fr\/wp-content\/uploads\/2019\/05\/logo-association-experts-feng-shui.png\",\"contentUrl\":\"https:\/\/www.experts-ecolefrancaisedefengshui.fr\/wp-content\/uploads\/2019\/05\/logo-association-experts-feng-shui.png\",\"width\":556,\"height\":160,\"caption\":\"Association des Experts de l'Ecole Fran\u00e7aise de Feng Shui\"},\"image\":{\"@id\":\"https:\/\/www.experts-ecolefrancaisedefengshui.fr\/#\/schema\/logo\/image\/\"},\"sameAs\":[\"https:\/\/www.facebook.com\/Association-des-Experts-Ecole-Fran\u00e7aise-de-Feng-Shui-689531311505883\/?modal=admin_todo_tour\"]}]}<\/script>\n<!-- \/ Yoast SEO plugin. -->","yoast_head_json":{"title":"Contacter l'Ecole Fran\u00e7aise de Feng Shui | Experts-ecolefrancaisedefengshui.fr","description":"Vous recherchez un expert Feng Shui, un consultant en num\u00e9rologie, le portail des experts EFFS regroupe les professionnels dipl\u00f4m\u00e9s de l'Ecole Fran\u00e7aise de Feng Shui.","robots":{"index":"index","follow":"follow","max-snippet":"max-snippet:-1","max-image-preview":"max-image-preview:large","max-video-preview":"max-video-preview:-1"},"canonical":"https:\/\/www.experts-ecolefrancaisedefengshui.fr\/index.php\/contact\/","og_locale":"fr_FR","og_type":"article","og_title":"Contacter l'Ecole Fran\u00e7aise de Feng Shui | Experts-ecolefrancaisedefengshui.fr","og_description":"Vous recherchez un expert Feng Shui, un consultant en num\u00e9rologie, le portail des experts EFFS regroupe les professionnels dipl\u00f4m\u00e9s de l'Ecole Fran\u00e7aise de Feng Shui.","og_url":"https:\/\/www.experts-ecolefrancaisedefengshui.fr\/index.php\/contact\/","og_site_name":"Association des Experts consultants Feng Shui, num\u00e9rologues, g\u00e9obiologues certifi\u00e9s par l\u2019Ecole Fran\u00e7aise de Feng Shui | Experts-ecolefrancaisedefengshui.fr","article_publisher":"https:\/\/www.facebook.com\/Association-des-Experts-Ecole-Fran%c3%a7aise-de-Feng-Shui-689531311505883\/?modal=admin_todo_tour","article_modified_time":"2022-05-15T07:31:04+00:00","twitter_card":"summary_large_image","twitter_misc":{"Dur\u00e9e de lecture estim\u00e9e":"1 minute"},"schema":{"@context":"https:\/\/schema.org","@graph":[{"@type":"WebPage","@id":"https:\/\/www.experts-ecolefrancaisedefengshui.fr\/index.php\/contact\/","url":"https:\/\/www.experts-ecolefrancaisedefengshui.fr\/index.php\/contact\/","name":"Contacter l'Ecole Fran\u00e7aise de Feng Shui | Experts-ecolefrancaisedefengshui.fr","isPartOf":{"@id":"https:\/\/www.experts-ecolefrancaisedefengshui.fr\/#website"},"datePublished":"2018-10-08T09:03:31+00:00","dateModified":"2022-05-15T07:31:04+00:00","description":"Vous recherchez un expert Feng Shui, un consultant en num\u00e9rologie, le portail des experts EFFS regroupe les professionnels dipl\u00f4m\u00e9s de l'Ecole Fran\u00e7aise de Feng Shui.","breadcrumb":{"@id":"https:\/\/www.experts-ecolefrancaisedefengshui.fr\/index.php\/contact\/#breadcrumb"},"inLanguage":"fr-FR","potentialAction":[{"@type":"ReadAction","target":["https:\/\/www.experts-ecolefrancaisedefengshui.fr\/index.php\/contact\/"]}]},{"@type":"BreadcrumbList","@id":"https:\/\/www.experts-ecolefrancaisedefengshui.fr\/index.php\/contact\/#breadcrumb","itemListElement":[{"@type":"ListItem","position":1,"name":"Accueil","item":"https:\/\/www.experts-ecolefrancaisedefengshui.fr\/"},{"@type":"ListItem","position":2,"name":"Contact"}]},{"@type":"WebSite","@id":"https:\/\/www.experts-ecolefrancaisedefengshui.fr\/#website","url":"https:\/\/www.experts-ecolefrancaisedefengshui.fr\/","name":"Association des Experts consultants Feng Shui, num\u00e9rologues, g\u00e9obiologues certifi\u00e9s par l\u2019Ecole Fran\u00e7aise de Feng Shui | Experts-ecolefrancaisedefengshui.fr","description":"Trouver un expert Feng Shui pr\u00e8s de chez vous\u2026","publisher":{"@id":"https:\/\/www.experts-ecolefrancaisedefengshui.fr\/#organization"},"potentialAction":[{"@type":"SearchAction","target":{"@type":"EntryPoint","urlTemplate":"https:\/\/www.experts-ecolefrancaisedefengshui.fr\/?s={search_term_string}"},"query-input":{"@type":"PropertyValueSpecification","valueRequired":true,"valueName":"search_term_string"}}],"inLanguage":"fr-FR"},{"@type":"Organization","@id":"https:\/\/www.experts-ecolefrancaisedefengshui.fr\/#organization","name":"Association des Experts de l'Ecole Fran\u00e7aise de Feng Shui","url":"https:\/\/www.experts-ecolefrancaisedefengshui.fr\/","logo":{"@type":"ImageObject","inLanguage":"fr-FR","@id":"https:\/\/www.experts-ecolefrancaisedefengshui.fr\/#\/schema\/logo\/image\/","url":"https:\/\/www.experts-ecolefrancaisedefengshui.fr\/wp-content\/uploads\/2019\/05\/logo-association-experts-feng-shui.png","contentUrl":"https:\/\/www.experts-ecolefrancaisedefengshui.fr\/wp-content\/uploads\/2019\/05\/logo-association-experts-feng-shui.png","width":556,"height":160,"caption":"Association des Experts de l'Ecole Fran\u00e7aise de Feng Shui"},"image":{"@id":"https:\/\/www.experts-ecolefrancaisedefengshui.fr\/#\/schema\/logo\/image\/"},"sameAs":["https:\/\/www.facebook.com\/Association-des-Experts-Ecole-Fran\u00e7aise-de-Feng-Shui-689531311505883\/?modal=admin_todo_tour"]}]}},"acf":[],"_links":{"self":[{"href":"https:\/\/www.experts-ecolefrancaisedefengshui.fr\/index.php\/wp-json\/wp\/v2\/pages\/3085","targetHints":{"allow":["GET"]}}],"collection":[{"href":"https:\/\/www.experts-ecolefrancaisedefengshui.fr\/index.php\/wp-json\/wp\/v2\/pages"}],"about":[{"href":"https:\/\/www.experts-ecolefrancaisedefengshui.fr\/index.php\/wp-json\/wp\/v2\/types\/page"}],"author":[{"embeddable":true,"href":"https:\/\/www.experts-ecolefrancaisedefengshui.fr\/index.php\/wp-json\/wp\/v2\/users\/1"}],"replies":[{"embeddable":true,"href":"https:\/\/www.experts-ecolefrancaisedefengshui.fr\/index.php\/wp-json\/wp\/v2\/comments?post=3085"}],"version-history":[{"count":1,"href":"https:\/\/www.experts-ecolefrancaisedefengshui.fr\/index.php\/wp-json\/wp\/v2\/pages\/3085\/revisions"}],"predecessor-version":[{"id":4101,"href":"https:\/\/www.experts-ecolefrancaisedefengshui.fr\/index.php\/wp-json\/wp\/v2\/pages\/3085\/revisions\/4101"}],"wp:attachment":[{"href":"https:\/\/www.experts-ecolefrancaisedefengshui.fr\/index.php\/wp-json\/wp\/v2\/media?parent=3085"}],"curies":[{"name":"wp","href":"https:\/\/api.w.org\/{rel}","templated":true}]}}